e 3 + -2 + 7*i. Suppose -5*g + o + 63 = 0. What is the remainder when g is divided by 11?
9
Suppose l + 12 = 4*l. Suppose 0 = -p - 3 + l. Let h(j) = 46*j**3 - j**2 + 1. What is the remainder when h(p) is divided by 16?
14
Suppose z = -z + 142. What is the remainder when z is divided by 18?
17
Let r be (3/(-2))/(3/(-8)). Suppose -g + 4*g = -3*f + 30, r*f - 4*g = 0. Calculate the remainder when f is divided by 3.
2
Let c(f) = 4*f**2 + 2*f + 1. Let b be -1 - 1/(2/2). What is the remainder when 23 is divided by c(b)?
10
Let u = 27 - -7. What is the remainder when u is divided by 12?
10
Suppose 0 = 2*c - z - 29, 0 = -c - 3*z - z + 10. What is the remainder when 372/14 - 33/(-77) is divided by c?
13
Let a(k) = -9*k. What is the remainder when 34 is divided by a(-2)?
16
Suppose -1 + 2 = -o. Let l = o - -8. Suppose -b = -6*b + 3*j + 23, 2*b + j = 7. What is the remainder when l is divided by b?
3
Let l be ((-18)/(-15))/((-2)/(-5)). Suppose -3*y + 26 = v - 7*y, -l*v = 4*y - 30. Let h(j) = j + 8. Calculate the remainder when v is divided by h(0).
6
Suppose 0 = 2*b + 6 - 24. Let g(w) = 5*w**3 - 3*w**2 + 4*w - 2. Calculate the remainder when g(2) is divided by b.
7
Suppose 133 = 3*g - 5*a, -3*a - 25 = 3*g - 166. Calculate the remainder when g is divided by 16.
14
Let b(q) = q**2 + 4*q - 4. What is the remainder when b(-7) is divided by 5?
2
Suppose -81 - 158 = -3*c + h, -5*h = -2*c + 181. What is the remainder when c is divided by 762/48 - (-1)/8?
14
Let u(z) = -z**3 + 8*z**2 - 3*z - 1. Suppose 0*w = -3*w - g + 24, w - 19 = -4*g. What is the remainder when u(w) is divided by 14?
13
Suppose 0 = -0*l + 4*l + 2*g - 72, 0 = -4*g. Calculate the remainder when 50 is divided by l.
14
Let o(a) = -3 - 2 + 5 + a**2 + 1. Let f = -3 + 0. Calculate the remainder when o(f) is divided by 4.
2
Let j = 31 - -3. Let h = j - 21. Calculate the remainder when h is divided by 5.
3
Suppose t + 129 = 3*c + 2*t, -117 = -3*c + 3*t. Calculate the remainder when c is divided by (60/16)/(2/8).
12
Suppose 12 = -v - v. What is the remainder when 6 is divided by 2/(-1) - v/1?
2
Suppose -11 = -2*x + 5*b, x = 7*b - 4*b + 3. Calculate the remainder when 70 is divided by x.
16
Suppose 0*b - 412 = -4*b. Calculate the remainder when b is divided by 26.
25
Suppose 5*j + 4*r - 26 = 3*j, 4*j = 4*r + 64. Calculate the remainder when j is divided by ((-24)/(-10))/((-9)/(-30)).
7
Let v(l) = l**2 - l - 6. Calculate the remainder when 19 is divided by v(4).
1
Let r(q) = q**3 + 10*q**2 - 15*q - 23. Suppose 0*b = -4*b - 2*y + 336, 0 = -2*y + 4. What is the remainder when b is divided by r(-11)?
20
Suppose 2*u = 3*u + 2*s - 16, 80 = 5*u - 4*s. Suppose -121 = -3*t - u. Calculate the remainder when t is divided by 19.
16
Let q be 723/9 + (-4)/(-6). Let s = q + -40. Suppose 3*y - 5*y = -28. What is the remainder when s is divided by y?
13
Let x(s) = s**2 - 10*s - 11. Calculate the remainder when x(12) is divided by 5.
3
Suppose 2*x - q = 3*q + 48, 0 = -2*q - 8. Suppose 254 = 4*s + 2*p, -2*p - 192 = -3*s - 4*p. Calculate the remainder when s is divided by x.
14
Let m(o) = -15*o. Let s be m(2). Let d = 48 + s. Calculate the remainder when 8/(-5)*52/(-16)*10 is divided by d.
16
Let v(y) = y + 6. Let j be v(-4). Suppose j*a + 1 = 5. Suppose 0*w - 54 = -a*w. What is the remainder when w is divided by 10?
7
Let k = 5 + -14. Let o = -16 + -5. Let n = k - o. Calculate the remainder when n is divided by 7.
5
Let w be (-1 - (-9)/6)*2. Let k be (-1)/(w/3*-1). Suppose k*i = i + 74. Calculate the remainder when i is divided by 13.
11
Let t = -17 + 9. What is the remainder when (t/6)/((-6)/99) is divided by 12?
10
Suppose 35 = -7*i + 154. What is the remainder when i is divided by 9?
8
Let i(x) = -41*x + 1. Suppose -4*a + 27 = -17. Calculate the remainder when i(-1) is divided by a.
9
Calculate the remainder when 6/2 + (155 - -5) is divided by 33.
31
Let g be 24/9*(-117)/(-12). Let c be (g/3)/(6/(-27)). Let x = c - -64. Calculate the remainder when x is divided by 13.
12
Let t(r) = r + 2 + 3*r**2 + 9*r**2 - 5*r**2. What is the remainder when t(-2) is divided by 15?
13
Let s = 3 + -1. Suppose -l + 19 = -4*z, -5*l + z = -s*z - 95. Let v = -10 + l. What is the remainder when 26 is divided by v?
8
Suppose 0 = i + 6*i - 98. What is the remainder when 36 is divided by i?
8
Calculate the remainder when 33 is divided by (-18)/((-2)/3*3).
6
Let d(b) = -9*b**3 - b**2. Let n(q) be the third derivative of q**4/24 - 5*q**3/6 - 2*q**2. Calculate the remainder when d(-1) is divided by n(8).
2
Let a(q) = 3*q**2 - 7*q - 19. Calculate the remainder when a(5) is divided by 3.
0
Suppose -3*j = 2*j - 5. Let d be 24*j + 0 - -1. Let m = d + -9. What is the remainder when 31 is divided by m?
15
Let q = -6 + 5. Let m be -21 - 0/q - 0. Calculate the remainder when 16 is divided by m/35*(-1 + -14).
7
What is the remainder when 26 is divided by 8 + (1 + -5)/(-2)?
6
Calculate the remainder when 166 is divided by 0*1/4*-2 - -28.
26
Suppose -3*k + 24 = -24. What is the remainder when 4374/72 - 4/(-16) is divided by k?
13
Suppose 0 = -0*x + 4*x - 20. Suppose 80 + 2 = x*i - u, 2*i = -2*u + 28. Calculate the remainder when 47 is divided by i.
15
Let d = 288 - 280. Let n(m) = -m + 3. What is the remainder when d is divided by n(0)?
2
Let m = 60 + -41. What is the remainder when 36 is divided by m?
17
Suppose -2 = -3*x + 4. Suppose -17 = -3*v + m + 6, -x*m = 5*v - 20. What is the remainder when 22 is divided by v?
4
Suppose -4*r = -4*i + 400, -4*r + 193 = 3*i - 79. Suppose 17*u - 15*u = i. What is the remainder when u is divided by 25?
23
Let y = 2 + -1. Suppose -3*k - y = n, 5*n - 3*k = k + 90. Calculate the remainder when (-13)/(-2 - 5/(-3)) is divided by n.
11
Suppose 4*g = -g - 70. Let j = g - -26. Calculate the remainder when 57 is divided by j.
9
Suppose 4*p - 2*a = 3*a + 46, p - 11 = a. Suppose 0 = -f - 3*f + 60. Calculate the remainder when f is divided by p.
6
Let q = 9 + 32. What is the remainder when q is divided by 21?
20
Let s = -6 - -6. Suppose -3*h = -3*x - 3, s*h + h + 5*x - 13 = 0. Suppose 0 = 7*g - h*g - 44. What is the remainder when 21 is divided by g?
10
Suppose 2*l + 368 - 50 = 4*o, -249 = -3*o - 2*l. What is the remainder when o is divided by 42?
39
Let z = -9 + 24. Calculate the remainder when 59 is divided by z.
14
Let x be 4 + -2 + (-2)/(-2). Suppose -15 = -3*s - x. What is the remainder when 6 is divided by s?
2
Let t = -6 - -21. Suppose a - 2*a = -57. Calculate the remainder when a is divided by t.
12
Let h = 6 - 6. Suppose -3*q = -h*q - 6. What is the remainder when (-76 - -1)*q/(-5) is divided by 16?
14
What is the remainder when 0 + 28 - (1 + -3) is divided by 11?
8
Suppose 0 = 5*v + 2*g - 287, 3*g - 165 = -v - 2*v. Calculate the remainder when 175 is divided by v.
57
Suppose 0 = c - 0*z + z - 28, 4*c + 3*z - 115 = 0. Let k(d) = 17*d**2 - 2*d + 1. What is the remainder when c is divided by k(1)?
15
Let j(n) be the first derivative of 7*n**3/3 + n**2/2 - 2. What is the remainder when 13 + (1 - 2) + 2 is divided by j(1)?
6
Suppose -b + 2*b - 26 = 0. Suppose -2*v = -v - b. What is the remainder when v is divided by 14?
12
Suppose 9 = t + 6. Suppose -23 + 92 = t*v. What is the remainder when 45 is divided by v?
22
Let n = 0 - -3. Suppose 0 = -2*f - n + 23. Calculate the remainder when f is divided by 6.
4
Suppose -23 - 19 = -3*t. Suppose -87 + 9 = -3*k. What is the remainder when k is divided by t?
12
Suppose 0 = 2*i - 28 - 12. Suppose c + i = y + 5*c, 5*y - 15 = -3*c. Calculate the remainder when 24 is divided by 1*14 - (1 - y).
11
Calculate the remainder when 5 is divided by 3 + (3 - (2 + 2)).
1
Suppose -4*j + 3*t = 15, -j - j + 3 = -5*t. Let g be (-5)/15 - (-28)/j. Let u = g - -10. Calculate the remainder when u is divided by 3.
2
Suppose -4 = 5*v - 9*v. What is the remainder when 1 is divided by v?
0
What is the remainder when ((-1)/(1/(-40)))/1 is divided by 11?
7
Suppose 0 = 5*o - 3*v - 122, 5*o + 3*v - 98 = -0*o. Let f = -8 + 20. Calculate the remainder when o is divided by f.
10
Let q = 72 + -53. Suppose -5*a = 15, 4*v + 4 = -a + 9. Suppose v*u = 4*u - 72. Calculate the remainder when u is divided by q.
17
Let f(u) = -u**2 - 17*u**3 + 57*u**3 + 13*u**3. What is the remainder when f(1) is divided by 11?
8
Suppose -3*